{"id":1215,"date":"2025-05-19T15:18:46","date_gmt":"2025-05-19T15:18:46","guid":{"rendered":"https:\/\/varenna.visitlakecomo.info\/region\/villa-monastero"},"modified":"2025-06-17T09:27:58","modified_gmt":"2025-06-17T09:27:58","slug":"villa-monastero","status":"publish","type":"page","link":"https:\/\/varenna.visitlakecomo.info\/de\/region\/villa-monastero","title":{"rendered":"Villa Monastero"},"content":{"rendered":"<p>Acht Jahrhunderte Geschichte zwischen Kunst, Natur und gro\u00dfer Sch\u00f6nheit: Die <b>Villa Monastero<\/b> erhebt sich auf den Ruinen eines alten Zisterzienserklosters, das Ende des 12. Jahrhunderts gegr\u00fcndet wurde. Sie zeichnet sich durch einen <b>eklektischen Stil <\/b>aus, der auf die Abfolge zahlreicher Besitzer mit ihren unterschiedlichen Geschm\u00e4ckern und Stilen zur\u00fcckzuf\u00fchren ist. Seit 1953 beherbergt sie ein <b>Kongresszentrum <\/b>von internationaler Bedeutung, und 2003 wurde das Hausmuseum er\u00f6ffnet: vierzehn pr\u00e4chtige S\u00e4le mit ihrer originalen Einrichtung und Dekoration. Sie ist umrahmt von einem wundersch\u00f6nen <b>botanischen Garten<\/b>, reich an seltenen und exotischen Pflanzen, der sich fast zwei Kilometer entlang des Seeufers erstreckt.<\/p>","protected":false},"excerpt":{"rendered":"<p>Acht Jahrhunderte Geschichte zwischen Kunst, Natur und gro\u00dfer Sch\u00f6nheit: Die Villa Monastero erhebt sich auf den Ruinen eines alten Zisterzienserklosters, das Ende des 12. Jahrhunderts gegr\u00fcndet wurde. Sie zeichnet sich durch einen eklektischen Stil aus, der auf die Abfolge zahlreicher Besitzer mit ihren unterschiedlichen Geschm\u00e4ckern und Stilen zur\u00fcckzuf\u00fchren ist. Seit 1953 beherbergt sie ein Kongresszentrum &hellip;<\/p>\n","protected":false},"author":1,"featured_media":0,"parent":1193,"menu_order":0,"comment_status":"closed","ping_status":"closed","template":"page-templates\/pagina_box.php","meta":{"_acf_changed":false,"inline_featured_image":false,"footnotes":""},"class_list":["post-1215","page","type-page","status-publish","hentry"],"acf":[],"yoast_head":"<!-- This site is optimized with the Yoast SEO plugin v25.2 - https:\/\/yoast.com\/wordpress\/plugins\/seo\/ -->\n<title>Villa Monastero in Varenna: Museum &amp; botanischer Garten<\/title>\n<meta name=\"description\" content=\"Entdecken Sie Villa Monastero in Varenna: ein eklektisches Juwel mit Hausmuseum &amp; gro\u00dfem botanischen Garten am Comer See.\" \/>\n<meta name=\"robots\" content=\"index, follow, max-snippet:-1, max-image-preview:large, max-video-preview:-1\" \/>\n<link rel=\"canonical\" href=\"https:\/\/varenna.visitlakecomo.info\/de\/region\/villa-monastero\" \/>\n<meta property=\"og:locale\" content=\"de_DE\" \/>\n<meta property=\"og:type\" content=\"article\" \/>\n<meta property=\"og:title\" content=\"Villa Monastero in Varenna: Museum &amp; botanischer Garten\" \/>\n<meta property=\"og:description\" content=\"Entdecken Sie Villa Monastero in Varenna: ein eklektisches Juwel mit Hausmuseum &amp; gro\u00dfem botanischen Garten am Comer See.\" \/>\n<meta property=\"og:url\" content=\"https:\/\/varenna.visitlakecomo.info\/de\/region\/villa-monastero\" \/>\n<meta property=\"og:site_name\" content=\"Visit Varenna\" \/>\n<meta property=\"article:modified_time\" content=\"2025-06-17T09:27:58+00:00\" \/>\n<meta name=\"twitter:card\" content=\"summary_large_image\" \/>\n<meta name=\"twitter:label1\" content=\"Gesch\u00e4tzte Lesezeit\" \/>\n\t<meta name=\"twitter:data1\" content=\"1\u00a0Minute\" \/>\n<script type=\"application\/ld+json\" class=\"yoast-schema-graph\">{\"@context\":\"https:\/\/schema.org\",\"@graph\":[{\"@type\":\"WebPage\",\"@id\":\"https:\/\/varenna.visitlakecomo.info\/de\/region\/villa-monastero\",\"url\":\"https:\/\/varenna.visitlakecomo.info\/de\/region\/villa-monastero\",\"name\":\"Villa Monastero in Varenna: Museum & botanischer Garten\",\"isPartOf\":{\"@id\":\"https:\/\/varenna.visitlakecomo.info\/#website\"},\"datePublished\":\"2025-05-19T15:18:46+00:00\",\"dateModified\":\"2025-06-17T09:27:58+00:00\",\"description\":\"Entdecken Sie Villa Monastero in Varenna: ein eklektisches Juwel mit Hausmuseum & gro\u00dfem botanischen Garten am Comer See.\",\"breadcrumb\":{\"@id\":\"https:\/\/varenna.visitlakecomo.info\/de\/region\/villa-monastero#breadcrumb\"},\"inLanguage\":\"de\",\"potentialAction\":[{\"@type\":\"ReadAction\",\"target\":[\"https:\/\/varenna.visitlakecomo.info\/de\/region\/villa-monastero\"]}]},{\"@type\":\"BreadcrumbList\",\"@id\":\"https:\/\/varenna.visitlakecomo.info\/de\/region\/villa-monastero#breadcrumb\",\"itemListElement\":[{\"@type\":\"ListItem\",\"position\":1,\"name\":\"Home\",\"item\":\"https:\/\/varenna.visitlakecomo.info\/de\"},{\"@type\":\"ListItem\",\"position\":2,\"name\":\"Region\",\"item\":\"https:\/\/varenna.visitlakecomo.info\/de\/region\"},{\"@type\":\"ListItem\",\"position\":3,\"name\":\"Villa Monastero\"}]},{\"@type\":\"WebSite\",\"@id\":\"https:\/\/varenna.visitlakecomo.info\/#website\",\"url\":\"https:\/\/varenna.visitlakecomo.info\/\",\"name\":\"Visit Varenna\",\"description\":\"\",\"potentialAction\":[{\"@type\":\"SearchAction\",\"target\":{\"@type\":\"EntryPoint\",\"urlTemplate\":\"https:\/\/varenna.visitlakecomo.info\/?s={search_term_string}\"},\"query-input\":{\"@type\":\"PropertyValueSpecification\",\"valueRequired\":true,\"valueName\":\"search_term_string\"}}],\"inLanguage\":\"de\"}]}<\/script>\n<!-- \/ Yoast SEO plugin. -->","yoast_head_json":{"title":"Villa Monastero in Varenna: Museum & botanischer Garten","description":"Entdecken Sie Villa Monastero in Varenna: ein eklektisches Juwel mit Hausmuseum & gro\u00dfem botanischen Garten am Comer See.","robots":{"index":"index","follow":"follow","max-snippet":"max-snippet:-1","max-image-preview":"max-image-preview:large","max-video-preview":"max-video-preview:-1"},"canonical":"https:\/\/varenna.visitlakecomo.info\/de\/region\/villa-monastero","og_locale":"de_DE","og_type":"article","og_title":"Villa Monastero in Varenna: Museum & botanischer Garten","og_description":"Entdecken Sie Villa Monastero in Varenna: ein eklektisches Juwel mit Hausmuseum & gro\u00dfem botanischen Garten am Comer See.","og_url":"https:\/\/varenna.visitlakecomo.info\/de\/region\/villa-monastero","og_site_name":"Visit Varenna","article_modified_time":"2025-06-17T09:27:58+00:00","twitter_card":"summary_large_image","twitter_misc":{"Gesch\u00e4tzte Lesezeit":"1\u00a0Minute"},"schema":{"@context":"https:\/\/schema.org","@graph":[{"@type":"WebPage","@id":"https:\/\/varenna.visitlakecomo.info\/de\/region\/villa-monastero","url":"https:\/\/varenna.visitlakecomo.info\/de\/region\/villa-monastero","name":"Villa Monastero in Varenna: Museum & botanischer Garten","isPartOf":{"@id":"https:\/\/varenna.visitlakecomo.info\/#website"},"datePublished":"2025-05-19T15:18:46+00:00","dateModified":"2025-06-17T09:27:58+00:00","description":"Entdecken Sie Villa Monastero in Varenna: ein eklektisches Juwel mit Hausmuseum & gro\u00dfem botanischen Garten am Comer See.","breadcrumb":{"@id":"https:\/\/varenna.visitlakecomo.info\/de\/region\/villa-monastero#breadcrumb"},"inLanguage":"de","potentialAction":[{"@type":"ReadAction","target":["https:\/\/varenna.visitlakecomo.info\/de\/region\/villa-monastero"]}]},{"@type":"BreadcrumbList","@id":"https:\/\/varenna.visitlakecomo.info\/de\/region\/villa-monastero#breadcrumb","itemListElement":[{"@type":"ListItem","position":1,"name":"Home","item":"https:\/\/varenna.visitlakecomo.info\/de"},{"@type":"ListItem","position":2,"name":"Region","item":"https:\/\/varenna.visitlakecomo.info\/de\/region"},{"@type":"ListItem","position":3,"name":"Villa Monastero"}]},{"@type":"WebSite","@id":"https:\/\/varenna.visitlakecomo.info\/#website","url":"https:\/\/varenna.visitlakecomo.info\/","name":"Visit Varenna","description":"","potentialAction":[{"@type":"SearchAction","target":{"@type":"EntryPoint","urlTemplate":"https:\/\/varenna.visitlakecomo.info\/?s={search_term_string}"},"query-input":{"@type":"PropertyValueSpecification","valueRequired":true,"valueName":"search_term_string"}}],"inLanguage":"de"}]}},"_links":{"self":[{"href":"https:\/\/varenna.visitlakecomo.info\/de\/wp-json\/wp\/v2\/pages\/1215","targetHints":{"allow":["GET"]}}],"collection":[{"href":"https:\/\/varenna.visitlakecomo.info\/de\/wp-json\/wp\/v2\/pages"}],"about":[{"href":"https:\/\/varenna.visitlakecomo.info\/de\/wp-json\/wp\/v2\/types\/page"}],"author":[{"embeddable":true,"href":"https:\/\/varenna.visitlakecomo.info\/de\/wp-json\/wp\/v2\/users\/1"}],"replies":[{"embeddable":true,"href":"https:\/\/varenna.visitlakecomo.info\/de\/wp-json\/wp\/v2\/comments?post=1215"}],"version-history":[{"count":1,"href":"https:\/\/varenna.visitlakecomo.info\/de\/wp-json\/wp\/v2\/pages\/1215\/revisions"}],"predecessor-version":[{"id":1216,"href":"https:\/\/varenna.visitlakecomo.info\/de\/wp-json\/wp\/v2\/pages\/1215\/revisions\/1216"}],"up":[{"embeddable":true,"href":"https:\/\/varenna.visitlakecomo.info\/de\/wp-json\/wp\/v2\/pages\/1193"}],"wp:attachment":[{"href":"https:\/\/varenna.visitlakecomo.info\/de\/wp-json\/wp\/v2\/media?parent=1215"}],"curies":[{"name":"wp","href":"https:\/\/api.w.org\/{rel}","templated":true}]}}

<p>Acht Jahrhunderte Geschichte zwischen Kunst, Natur und großer Schönheit: Die <b>Villa Monastero</b> erhebt sich auf den Ruinen eines alten Zisterzienserklosters, das Ende des 12. Jahrhunderts gegründet wurde. Sie zeichnet sich durch einen <b>eklektischen Stil </b>aus, der auf die Abfolge zahlreicher Besitzer mit ihren unterschiedlichen Geschmäckern und Stilen zurückzuführen ist. Seit 1953 beherbergt sie ein <b>Kongresszentrum </b>von internationaler Bedeutung, und 2003 wurde das Hausmuseum eröffnet: vierzehn prächtige Säle mit ihrer originalen Einrichtung und Dekoration. Sie ist umrahmt von einem wunderschönen <b>botanischen Garten</b>, reich an seltenen und exotischen Pflanzen, der sich fast zwei Kilometer entlang des Seeufers erstreckt.</p>

<p>Acht Jahrhunderte Geschichte zwischen Kunst, Natur und großer Schönheit: Die Villa Monastero erhebt sich auf den Ruinen eines alten Zisterzienserklosters, das Ende des 12. Jahrhunderts gegründet wurde. Sie zeichnet sich durch einen eklektischen Stil aus, der auf die Abfolge zahlreicher Besitzer mit ihren unterschiedlichen Geschmäckern und Stilen zurückzuführen ist. Seit 1953 beherbergt sie ein Kongresszentrum &hellip;</p>

<!-- This site is optimized with the Yoast SEO plugin v25.2 - https://yoast.com/wordpress/plugins/seo/ -->
<title>Villa Monastero in Varenna: Museum &amp; botanischer Garten</title>
<meta name="description" content="Entdecken Sie Villa Monastero in Varenna: ein eklektisches Juwel mit Hausmuseum &amp; großem botanischen Garten am Comer See." />
<meta name="robots" content="index, follow, max-snippet:-1, max-image-preview:large, max-video-preview:-1" />
<link rel="canonical" href="https://varenna.visitlakecomo.info/de/region/villa-monastero" />
<meta property="og:locale" content="de_DE" />
<meta property="og:type" content="article" />
<meta property="og:title" content="Villa Monastero in Varenna: Museum &amp; botanischer Garten" />
<meta property="og:description" content="Entdecken Sie Villa Monastero in Varenna: ein eklektisches Juwel mit Hausmuseum &amp; großem botanischen Garten am Comer See." />
<meta property="og:url" content="https://varenna.visitlakecomo.info/de/region/villa-monastero" />
<meta property="og:site_name" content="Visit Varenna" />
<meta property="article:modified_time" content="2025-06-17T09:27:58+00:00" />
<meta name="twitter:card" content="summary_large_image" />
<meta name="twitter:label1" content="Geschätzte Lesezeit" />
	<meta name="twitter:data1" content="1 Minute" />
<script type="application/ld+json" class="yoast-schema-graph">{"@context":"https://schema.org","@graph":[{"@type":"WebPage","@id":"https://varenna.visitlakecomo.info/de/region/villa-monastero","url":"https://varenna.visitlakecomo.info/de/region/villa-monastero","name":"Villa Monastero in Varenna: Museum & botanischer Garten","isPartOf":{"@id":"https://varenna.visitlakecomo.info/#website"},"datePublished":"2025-05-19T15:18:46+00:00","dateModified":"2025-06-17T09:27:58+00:00","description":"Entdecken Sie Villa Monastero in Varenna: ein eklektisches Juwel mit Hausmuseum & großem botanischen Garten am Comer See.","breadcrumb":{"@id":"https://varenna.visitlakecomo.info/de/region/villa-monastero#breadcrumb"},"inLanguage":"de","potentialAction":[{"@type":"ReadAction","target":["https://varenna.visitlakecomo.info/de/region/villa-monastero"]}]},{"@type":"BreadcrumbList","@id":"https://varenna.visitlakecomo.info/de/region/villa-monastero#breadcrumb","itemListElement":[{"@type":"ListItem","position":1,"name":"Home","item":"https://varenna.visitlakecomo.info/de"},{"@type":"ListItem","position":2,"name":"Region","item":"https://varenna.visitlakecomo.info/de/region"},{"@type":"ListItem","position":3,"name":"Villa Monastero"}]},{"@type":"WebSite","@id":"https://varenna.visitlakecomo.info/#website","url":"https://varenna.visitlakecomo.info/","name":"Visit Varenna","description":"","potentialAction":[{"@type":"SearchAction","target":{"@type":"EntryPoint","urlTemplate":"https://varenna.visitlakecomo.info/?s={search_term_string}"},"query-input":{"@type":"PropertyValueSpecification","valueRequired":true,"valueName":"search_term_string"}}],"inLanguage":"de"}]}</script>
<!-- / Yoast SEO plugin. -->

Entdecken Sie Villa Monastero in Varenna: ein eklektisches Juwel mit Hausmuseum & großem botanischen Garten am Comer See.
